{"id":229,"date":"2025-06-10T17:46:27","date_gmt":"2025-06-10T15:46:27","guid":{"rendered":"http:\/\/transportconventionne.com\/?page_id=229"},"modified":"2025-06-11T11:47:00","modified_gmt":"2025-06-11T09:47:00","slug":"conditions-generales-dutilisation-cgu","status":"publish","type":"page","link":"https:\/\/transportconventionne.com\/index.php\/conditions-generales-dutilisation-cgu\/","title":{"rendered":"Conditions G\u00e9n\u00e9rales d\u2019Utilisation (CGU)"},"content":{"rendered":"\t\t<div data-elementor-type=\"wp-page\" data-elementor-id=\"229\" class=\"elementor elementor-229\">\n\t\t\t\t<div class=\"elementor-element elementor-element-0ff36d9 e-con-full e-flex e-con e-parent\" data-id=\"0ff36d9\" data-element_type=\"container\" data-settings=\"{&quot;background_background&quot;:&quot;classic&quot;}\">\n\t\t\t\t<div class=\"elementor-element elementor-element-0add4e1 elementor-widget elementor-widget-heading\" data-id=\"0add4e1\" data-element_type=\"widget\" data-widget_type=\"heading.default\">\n\t\t\t\t<div class=\"elementor-widget-container\">\n\t\t\t\t\t<h2 class=\"elementor-heading-title elementor-size-default\">Taxis Conventionn\u00e9s<\/h2>\t\t\t\t<\/div>\n\t\t\t\t<\/div>\n\t\t\t\t<\/div>\n\t\t<div class=\"elementor-element elementor-element-88e23a1 e-flex e-con-boxed e-con e-parent\" data-id=\"88e23a1\" data-element_type=\"container\">\n\t\t\t\t\t<div class=\"e-con-inner\">\n\t\t\t\t<div class=\"elementor-element elementor-element-7f6ef0f elementor-widget elementor-widget-elementskit-heading\" data-id=\"7f6ef0f\" data-element_type=\"widget\" data-widget_type=\"elementskit-heading.default\">\n\t\t\t\t<div class=\"elementor-widget-container\">\n\t\t\t\t\t<div class=\"ekit-wid-con\" ><div class=\"ekit-heading elementskit-section-title-wraper text_center   ekit_heading_tablet-   ekit_heading_mobile-\"><h2 class=\"ekit-heading--title elementskit-section-title \">Conditions G\u00e9n\u00e9rales d\u2019Utilisation (CGU)<\/h2><div class=\"ekit_heading_separetor_wraper ekit_heading_elementskit-border-divider\"><div class=\"elementskit-border-divider\"><\/div><\/div><\/div><\/div>\t\t\t\t<\/div>\n\t\t\t\t<\/div>\n\t\t\t\t\t<\/div>\n\t\t\t\t<\/div>\n\t\t<div class=\"elementor-element elementor-element-f9a3dd9 e-flex e-con-boxed e-con e-parent\" data-id=\"f9a3dd9\" data-element_type=\"container\">\n\t\t\t\t\t<div class=\"e-con-inner\">\n\t\t<div class=\"elementor-element elementor-element-91f15af e-con-full e-flex e-con e-child\" data-id=\"91f15af\" data-element_type=\"container\">\n\t\t\t\t<div class=\"elementor-element elementor-element-5054d39 elementor-widget elementor-widget-heading\" data-id=\"5054d39\" data-element_type=\"widget\" data-widget_type=\"heading.default\">\n\t\t\t\t<div class=\"elementor-widget-container\">\n\t\t\t\t\t<h2 class=\"elementor-heading-title elementor-size-default\">1. Objet<\/h2>\t\t\t\t<\/div>\n\t\t\t\t<\/div>\n\t\t\t\t<div class=\"elementor-element elementor-element-3005126 elementor-widget elementor-widget-text-editor\" data-id=\"3005126\" data-element_type=\"widget\" data-widget_type=\"text-editor.default\">\n\t\t\t\t<div class=\"elementor-widget-container\">\n\t\t\t\t\t\t\t\t\t<p>Les pr\u00e9sentes Conditions G\u00e9n\u00e9rales d\u2019Utilisation ont pour objet de d\u00e9finir les modalit\u00e9s d\u2019acc\u00e8s et d\u2019utilisation du site <a href=\"http:\/\/transportconventionne.com\">transportconventionne.com<\/a>, \u00e9dit\u00e9 par Transport<br \/>Conventionn\u00e9, dans le cadre de son activit\u00e9 de transport m\u00e9dical conventionn\u00e9.<br \/>En naviguant sur le site ou en utilisant ses services, l\u2019utilisateur accepte pleinement et sans r\u00e9serve les pr\u00e9sentes conditions.<\/p>\t\t\t\t\t\t\t\t<\/div>\n\t\t\t\t<\/div>\n\t\t\t\t<\/div>\n\t\t<div class=\"elementor-element elementor-element-03dd1bc e-con-full e-flex e-con e-child\" data-id=\"03dd1bc\" data-element_type=\"container\">\n\t\t\t\t<div class=\"elementor-element elementor-element-e4eb7d4 elementor-widget elementor-widget-heading\" data-id=\"e4eb7d4\" data-element_type=\"widget\" data-widget_type=\"heading.default\">\n\t\t\t\t<div class=\"elementor-widget-container\">\n\t\t\t\t\t<h2 class=\"elementor-heading-title elementor-size-default\">2. Acc\u00e8s au site\n<\/h2>\t\t\t\t<\/div>\n\t\t\t\t<\/div>\n\t\t\t\t<div class=\"elementor-element elementor-element-10a49fe elementor-widget elementor-widget-text-editor\" data-id=\"10a49fe\" data-element_type=\"widget\" data-widget_type=\"text-editor.default\">\n\t\t\t\t<div class=\"elementor-widget-container\">\n\t\t\t\t\t\t\t\t\t<p>Le site est accessible gratuitement \u00e0 tout utilisateur disposant d\u2019un acc\u00e8s \u00e0 Internet.<br \/>Le co\u00fbt de l\u2019acc\u00e8s (connexion, mat\u00e9riel\u2026) reste \u00e0 la charge de l\u2019utilisateur.<br \/>L\u2019acc\u00e8s au formulaire de contact et de r\u00e9servation est libre. Toutefois, pour \u00eatre trait\u00e9, tout<br \/>formulaire doit contenir des informations compl\u00e8tes et exactes.<\/p>\t\t\t\t\t\t\t\t<\/div>\n\t\t\t\t<\/div>\n\t\t\t\t<\/div>\n\t\t\t\t\t<\/div>\n\t\t\t\t<\/div>\n\t\t<div class=\"elementor-element elementor-element-fdec016 e-flex e-con-boxed e-con e-parent\" data-id=\"fdec016\" data-element_type=\"container\">\n\t\t\t\t\t<div class=\"e-con-inner\">\n\t\t<div class=\"elementor-element elementor-element-4f7f85d e-con-full e-flex e-con e-child\" data-id=\"4f7f85d\" data-element_type=\"container\">\n\t\t\t\t<div class=\"elementor-element elementor-element-f651788 elementor-widget elementor-widget-heading\" data-id=\"f651788\" data-element_type=\"widget\" data-widget_type=\"heading.default\">\n\t\t\t\t<div class=\"elementor-widget-container\">\n\t\t\t\t\t<h2 class=\"elementor-heading-title elementor-size-default\">3. Utilisation du site\n<\/h2>\t\t\t\t<\/div>\n\t\t\t\t<\/div>\n\t\t\t\t<div class=\"elementor-element elementor-element-27714f3 elementor-widget elementor-widget-text-editor\" data-id=\"27714f3\" data-element_type=\"widget\" data-widget_type=\"text-editor.default\">\n\t\t\t\t<div class=\"elementor-widget-container\">\n\t\t\t\t\t\t\t\t\t<p>L\u2019utilisateur s\u2019engage \u00e0 :<br \/>\u25cf Utiliser le site dans un cadre strictement l\u00e9gal et personnel<br \/>\u25cf Ne pas nuire au bon fonctionnement du site (spam, tentatives de piratage\u2026)<br \/>\u25cf Ne pas usurper l\u2019identit\u00e9 d\u2019un tiers ou fournir de fausses informations<br \/>\u25cf Ne pas d\u00e9tourner les donn\u00e9es personnelles collect\u00e9es \u00e0 d\u2019autres fins<\/p>\t\t\t\t\t\t\t\t<\/div>\n\t\t\t\t<\/div>\n\t\t\t\t<\/div>\n\t\t<div class=\"elementor-element elementor-element-fee4765 e-con-full e-flex e-con e-child\" data-id=\"fee4765\" data-element_type=\"container\">\n\t\t\t\t<div class=\"elementor-element elementor-element-6f14396 elementor-widget elementor-widget-heading\" data-id=\"6f14396\" data-element_type=\"widget\" data-widget_type=\"heading.default\">\n\t\t\t\t<div class=\"elementor-widget-container\">\n\t\t\t\t\t<h2 class=\"elementor-heading-title elementor-size-default\">4. Propri\u00e9t\u00e9 intellectuelle<\/h2>\t\t\t\t<\/div>\n\t\t\t\t<\/div>\n\t\t\t\t<div class=\"elementor-element elementor-element-0238712 elementor-widget elementor-widget-text-editor\" data-id=\"0238712\" data-element_type=\"widget\" data-widget_type=\"text-editor.default\">\n\t\t\t\t<div class=\"elementor-widget-container\">\n\t\t\t\t\t\t\t\t\t<p>Tous les \u00e9l\u00e9ments pr\u00e9sents sur le site (textes, images, logos, vid\u00e9os, charte graphique\u2026) sont la propri\u00e9t\u00e9 exclusive de Transport Conventionn\u00e9 ou de ses partenaires.<br \/>Toute reproduction, modification ou diffusion, totale ou partielle, sans autorisation \u00e9crite pr\u00e9alable, est strictement interdite.<\/p>\t\t\t\t\t\t\t\t<\/div>\n\t\t\t\t<\/div>\n\t\t\t\t<\/div>\n\t\t\t\t\t<\/div>\n\t\t\t\t<\/div>\n\t\t<div class=\"elementor-element elementor-element-e1bab07 e-flex e-con-boxed e-con e-parent\" data-id=\"e1bab07\" data-element_type=\"container\">\n\t\t\t\t\t<div class=\"e-con-inner\">\n\t\t<div class=\"elementor-element elementor-element-46fa97a e-con-full e-flex e-con e-child\" data-id=\"46fa97a\" data-element_type=\"container\">\n\t\t\t\t<div class=\"elementor-element elementor-element-216d810 elementor-widget elementor-widget-heading\" data-id=\"216d810\" data-element_type=\"widget\" data-widget_type=\"heading.default\">\n\t\t\t\t<div class=\"elementor-widget-container\">\n\t\t\t\t\t<h2 class=\"elementor-heading-title elementor-size-default\">5. Responsabilit\u00e9s\n<\/h2>\t\t\t\t<\/div>\n\t\t\t\t<\/div>\n\t\t\t\t<div class=\"elementor-element elementor-element-00837ac elementor-widget elementor-widget-text-editor\" data-id=\"00837ac\" data-element_type=\"widget\" data-widget_type=\"text-editor.default\">\n\t\t\t\t<div class=\"elementor-widget-container\">\n\t\t\t\t\t\t\t\t\t<p>Transport Conventionn\u00e9 s\u2019efforce de fournir un site s\u00e9curis\u00e9, accessible et r\u00e9guli\u00e8rement mis \u00e0 jour.<br \/>Cependant, la soci\u00e9t\u00e9 ne peut garantir l\u2019absence totale d\u2019erreurs techniques, d\u2019interruptions ou de failles.<br \/>Le site peut contenir des liens vers d\u2019autres sites externes, dont le contenu n\u2019engage pas la responsabilit\u00e9 de Transport Conventionn\u00e9 95.<\/p>\t\t\t\t\t\t\t\t<\/div>\n\t\t\t\t<\/div>\n\t\t\t\t<\/div>\n\t\t<div class=\"elementor-element elementor-element-d333a3e e-con-full e-flex e-con e-child\" data-id=\"d333a3e\" data-element_type=\"container\">\n\t\t\t\t<div class=\"elementor-element elementor-element-d3a4620 elementor-widget elementor-widget-heading\" data-id=\"d3a4620\" data-element_type=\"widget\" data-widget_type=\"heading.default\">\n\t\t\t\t<div class=\"elementor-widget-container\">\n\t\t\t\t\t<h2 class=\"elementor-heading-title elementor-size-default\">6. Donn\u00e9es personnelles\n<\/h2>\t\t\t\t<\/div>\n\t\t\t\t<\/div>\n\t\t\t\t<div class=\"elementor-element elementor-element-b55df16 elementor-widget elementor-widget-text-editor\" data-id=\"b55df16\" data-element_type=\"widget\" data-widget_type=\"text-editor.default\">\n\t\t\t\t<div class=\"elementor-widget-container\">\n\t\t\t\t\t\t\t\t\t<p>La navigation sur le site et l\u2019utilisation des formulaires impliquent une collecte de donn\u00e9es personnelles, g\u00e9r\u00e9e conform\u00e9ment au RGPD.<br \/>Voir la <a href=\"http:\/\/transportconventionne.com\/index.php\/politique-de-confidentialite\/\">Politique de confidentialit\u00e9 pour plus d\u2019informations.<\/a><\/p>\t\t\t\t\t\t\t\t<\/div>\n\t\t\t\t<\/div>\n\t\t\t\t<\/div>\n\t\t\t\t\t<\/div>\n\t\t\t\t<\/div>\n\t\t<div class=\"elementor-element elementor-element-2f92a75 e-flex e-con-boxed e-con e-parent\" data-id=\"2f92a75\" data-element_type=\"container\">\n\t\t\t\t\t<div class=\"e-con-inner\">\n\t\t<div class=\"elementor-element elementor-element-e04257f e-con-full e-flex e-con e-child\" data-id=\"e04257f\" data-element_type=\"container\">\n\t\t\t\t<div class=\"elementor-element elementor-element-8f955cc elementor-widget elementor-widget-heading\" data-id=\"8f955cc\" data-element_type=\"widget\" data-widget_type=\"heading.default\">\n\t\t\t\t<div class=\"elementor-widget-container\">\n\t\t\t\t\t<h2 class=\"elementor-heading-title elementor-size-default\">7. Modifications\n<\/h2>\t\t\t\t<\/div>\n\t\t\t\t<\/div>\n\t\t\t\t<div class=\"elementor-element elementor-element-9b3934f elementor-widget elementor-widget-text-editor\" data-id=\"9b3934f\" data-element_type=\"widget\" data-widget_type=\"text-editor.default\">\n\t\t\t\t<div class=\"elementor-widget-container\">\n\t\t\t\t\t\t\t\t\t<p>Les pr\u00e9sentes CGU peuvent \u00eatre modifi\u00e9es \u00e0 tout moment.<br \/>La derni\u00e8re version en vigueur est celle disponible sur le site au moment de la navigation<\/p>\t\t\t\t\t\t\t\t<\/div>\n\t\t\t\t<\/div>\n\t\t\t\t<\/div>\n\t\t<div class=\"elementor-element elementor-element-6c58d2f e-con-full e-flex e-con e-child\" data-id=\"6c58d2f\" data-element_type=\"container\">\n\t\t\t\t<div class=\"elementor-element elementor-element-787ac11 elementor-widget elementor-widget-heading\" data-id=\"787ac11\" data-element_type=\"widget\" data-widget_type=\"heading.default\">\n\t\t\t\t<div class=\"elementor-widget-container\">\n\t\t\t\t\t<h2 class=\"elementor-heading-title elementor-size-default\">8. Droit applicable\n<\/h2>\t\t\t\t<\/div>\n\t\t\t\t<\/div>\n\t\t\t\t<div class=\"elementor-element elementor-element-ec06d5f elementor-widget elementor-widget-text-editor\" data-id=\"ec06d5f\" data-element_type=\"widget\" data-widget_type=\"text-editor.default\">\n\t\t\t\t<div class=\"elementor-widget-container\">\n\t\t\t\t\t\t\t\t\t<p>Les pr\u00e9sentes CGU sont soumises au droit fran\u00e7ais.<br \/>Tout litige sera soumis \u00e0 la comp\u00e9tence exclusive des tribunaux du ressort du si\u00e8ge de<br \/>l\u2019\u00e9diteur.<\/p>\t\t\t\t\t\t\t\t<\/div>\n\t\t\t\t<\/div>\n\t\t\t\t<\/div>\n\t\t\t\t\t<\/div>\n\t\t\t\t<\/div>\n\t\t<div class=\"elementor-element elementor-element-8c2d5dc e-flex e-con-boxed e-con e-parent\" data-id=\"8c2d5dc\" data-element_type=\"container\">\n\t\t\t\t\t<div class=\"e-con-inner\">\n\t\t<div class=\"elementor-element elementor-element-3543f67 e-con-full e-flex e-con e-child\" data-id=\"3543f67\" data-element_type=\"container\">\n\t\t\t\t<div class=\"elementor-element elementor-element-83e4d87 elementor-widget elementor-widget-heading\" data-id=\"83e4d87\" data-element_type=\"widget\" data-widget_type=\"heading.default\">\n\t\t\t\t<div class=\"elementor-widget-container\">\n\t\t\t\t\t<h2 class=\"elementor-heading-title elementor-size-default\">9. S\u00e9curit\u00e9\n<\/h2>\t\t\t\t<\/div>\n\t\t\t\t<\/div>\n\t\t\t\t<div class=\"elementor-element elementor-element-73d21f8 elementor-widget elementor-widget-text-editor\" data-id=\"73d21f8\" data-element_type=\"widget\" data-widget_type=\"text-editor.default\">\n\t\t\t\t<div class=\"elementor-widget-container\">\n\t\t\t\t\t\t\t\t\t<p>Le site est h\u00e9berg\u00e9 chez un prestataire reconnu (OVH) et b\u00e9n\u00e9ficie de protocoles de s\u00e9curit\u00e9 (HTTPS, pare-feu, mise \u00e0 jour r\u00e9guli\u00e8re) assurant la protection des donn\u00e9es<br \/>collect\u00e9es<\/p>\t\t\t\t\t\t\t\t<\/div>\n\t\t\t\t<\/div>\n\t\t\t\t<\/div>\n\t\t<div class=\"elementor-element elementor-element-381b079 e-con-full e-flex e-con e-child\" data-id=\"381b079\" data-element_type=\"container\">\n\t\t\t\t<div class=\"elementor-element elementor-element-8321f39 elementor-widget elementor-widget-heading\" data-id=\"8321f39\" data-element_type=\"widget\" data-widget_type=\"heading.default\">\n\t\t\t\t<div class=\"elementor-widget-container\">\n\t\t\t\t\t<h2 class=\"elementor-heading-title elementor-size-default\">10. Cookies\n<\/h2>\t\t\t\t<\/div>\n\t\t\t\t<\/div>\n\t\t\t\t<div class=\"elementor-element elementor-element-da1e0ec elementor-widget elementor-widget-text-editor\" data-id=\"da1e0ec\" data-element_type=\"widget\" data-widget_type=\"text-editor.default\">\n\t\t\t\t<div class=\"elementor-widget-container\">\n\t\t\t\t\t\t\t\t\t<p>Le site utilise des cookies \u00e0 des fins fonctionnelles et statistiques.<br \/>Aucune donn\u00e9e personnelle n\u2019est utilis\u00e9e \u00e0 des fins publicitaires.<br \/>L\u2019utilisateur peut g\u00e9rer ses pr\u00e9f\u00e9rences via les param\u00e8tres de son navigateur.<br \/>\ud83d\udcc5 Derni\u00e8re mise \u00e0 jour : [\u00e0 compl\u00e9ter \u2013 exemple : 07\/06\/2025]<\/p>\t\t\t\t\t\t\t\t<\/div>\n\t\t\t\t<\/div>\n\t\t\t\t<\/div>\n\t\t\t\t\t<\/div>\n\t\t\t\t<\/div>\n\t\t\t\t<\/div>\n\t\t","protected":false},"excerpt":{"rendered":"<p>Taxis Conventionn\u00e9s Conditions G\u00e9n\u00e9rales d\u2019Utilisation (CGU) 1. Objet Les pr\u00e9sentes Conditions G\u00e9n\u00e9rales d\u2019Utilisation ont pour objet de d\u00e9finir les modalit\u00e9s [&hellip;]<\/p>\n","protected":false},"author":1,"featured_media":0,"parent":0,"menu_order":0,"comment_status":"closed","ping_status":"closed","template":"","meta":{"site-sidebar-layout":"no-sidebar","site-content-layout":"","ast-site-content-layout":"full-width-container","site-content-style":"default","site-sidebar-style":"default","ast-global-header-display":"","ast-banner-title-visibility":"","ast-main-header-display":"","ast-hfb-above-header-display":"","ast-hfb-below-header-display":"","ast-hfb-mobile-header-display":"","site-post-title":"disabled","ast-breadcrumbs-content":"","ast-featured-img":"disabled","footer-sml-layout":"","theme-transparent-header-meta":"","adv-header-id-meta":"","stick-header-meta":"","header-above-stick-meta":"","header-main-stick-meta":"","header-below-stick-meta":"","astra-migrate-meta-layouts":"default","ast-page-background-enabled":"default","ast-page-background-meta":{"desktop":{"background-color":"var(--ast-global-color-5)","background-image":"","background-repeat":"repeat","background-position":"center center","background-size":"auto","background-attachment":"scroll","background-type":"","background-media":"","overlay-type":"","overlay-color":"","overlay-opacity":"","overlay-gradient":""},"tablet":{"background-color":"","background-image":"","background-repeat":"repeat","background-position":"center center","background-size":"auto","background-attachment":"scroll","background-type":"","background-media":"","overlay-type":"","overlay-color":"","overlay-opacity":"","overlay-gradient":""},"mobile":{"background-color":"","background-image":"","background-repeat":"repeat","background-position":"center center","background-size":"auto","background-attachment":"scroll","background-type":"","background-media":"","overlay-type":"","overlay-color":"","overlay-opacity":"","overlay-gradient":""}},"ast-content-background-meta":{"desktop":{"background-color":"var(--ast-global-color-4)","background-image":"","background-repeat":"repeat","background-position":"center center","background-size":"auto","background-attachment":"scroll","background-type":"","background-media":"","overlay-type":"","overlay-color":"","overlay-opacity":"","overlay-gradient":""},"tablet":{"background-color":"var(--ast-global-color-4)","background-image":"","background-repeat":"repeat","background-position":"center center","background-size":"auto","background-attachment":"scroll","background-type":"","background-media":"","overlay-type":"","overlay-color":"","overlay-opacity":"","overlay-gradient":""},"mobile":{"background-color":"var(--ast-global-color-4)","background-image":"","background-repeat":"repeat","background-position":"center center","background-size":"auto","background-attachment":"scroll","background-type":"","background-media":"","overlay-type":"","overlay-color":"","overlay-opacity":"","overlay-gradient":""}},"footnotes":""},"class_list":["post-229","page","type-page","status-publish","hentry"],"_links":{"self":[{"href":"https:\/\/transportconventionne.com\/index.php\/wp-json\/wp\/v2\/pages\/229","targetHints":{"allow":["GET"]}}],"collection":[{"href":"https:\/\/transportconventionne.com\/index.php\/wp-json\/wp\/v2\/pages"}],"about":[{"href":"https:\/\/transportconventionne.com\/index.php\/wp-json\/wp\/v2\/types\/page"}],"author":[{"embeddable":true,"href":"https:\/\/transportconventionne.com\/index.php\/wp-json\/wp\/v2\/users\/1"}],"replies":[{"embeddable":true,"href":"https:\/\/transportconventionne.com\/index.php\/wp-json\/wp\/v2\/comments?post=229"}],"version-history":[{"count":10,"href":"https:\/\/transportconventionne.com\/index.php\/wp-json\/wp\/v2\/pages\/229\/revisions"}],"predecessor-version":[{"id":264,"href":"https:\/\/transportconventionne.com\/index.php\/wp-json\/wp\/v2\/pages\/229\/revisions\/264"}],"wp:attachment":[{"href":"https:\/\/transportconventionne.com\/index.php\/wp-json\/wp\/v2\/media?parent=229"}],"curies":[{"name":"wp","href":"https:\/\/api.w.org\/{rel}","templated":true}]}}